. Suppose -5*s + 459 = g. Calculate the highest common factor of 18 and s.
18
Let r(z) = 4*z - 52. Let p(g) = 4*g**2 - 2*g - 1. Let n be p(-2). Let u be r(n). Calculate the highest common divisor of 3 and u.
3
Let o = -3 + 8. Let z(j) = -j - 5*j + 3*j - 10 - o. Let y be z(-7). Calculate the highest common factor of 4 and y.
2
Suppose 2*t + 10 = 0, -8*t = 4*i - 12*t - 284. What is the highest common factor of 12 and i?
6
Suppose -13*k + 8 = -12*k + h, 3*k = 5*h + 48. Calculate the highest common factor of k and 187.
11
Let q(n) be the third derivative of -17*n**4/24 - 5*n**3/6 - n**2. Let t be q(-4). Let b be 2/(-8) + 85/4. What is the highest common factor of b and t?
21
Suppose 2*g + 3*l = 2 + 3, 2*l + 1 = 3*g. Suppose -13 + g = -r. Let m be 19 + -1 + -1 + 1. Calculate the greatest common factor of m and r.
6
Let c be ((-102)/(-68))/((-9)/(-1200)). What is the highest common factor of 280 and c?
40
Let v be (-92)/(-9) - (-8)/(-36). Suppose -7*j = -v*j + 270. Calculate the greatest common divisor of j and 10.
10
Suppose 26*w - 30 = -t + 27*w, -w + 24 = t. What is the greatest common factor of 21 and t?
3
Suppose 2*g - f = 6, -5*g + 3*g - 5*f - 6 = 0. Suppose -26 = -g*s + 14. Calculate the highest common factor of s and 4.
4
Suppose 5 = 4*i - 19. Suppose -2*n = -8, i - 59 = -f - 5*n. What is the highest common factor of f and 11?
11
Suppose -5*a = 5, 3*g + a + 337 = -3*a. Let x = g + 327. Suppose f + k - 23 = 0, -5*f + 128 = -f - 5*k. Calculate the greatest common factor of f and x.
27
Let o be (6/(-4))/((-4)/(128/24)). Suppose o*i - 144 + 74 = 0. What is the greatest common factor of i and 14?
7
Let f = -191 - -205. Calculate the greatest common factor of 147 and f.
7
Let f be -2 - (-3 + 1 + -21). Suppose 0*l - 5*l + f = r, 5*l - 3 = 2*r. Let c be 40/7 + (-4)/(-14). Calculate the highest common divisor of r and c.
6
Suppose 4*c - 55 = 129. What is the greatest common divisor of 2 and c?
2
Let s(n) = -2*n + 39. Let o be s(-42). What is the greatest common factor of 41 and o?
41
Let i be 115 - (-12 - -12)/11. Calculate the highest common factor of i and 621.
23
Suppose -62 + 20 = -7*z. Let q be z/(-9) - (-740)/30. Calculate the highest common factor of 16 and q.
8
Suppose 2*t + 3*k - 4 = 4*k, -3*k - 3 = 3*t. Let z = t - -15. Let u be (-2 + 1)/((-2)/z). Calculate the highest common divisor of 8 and u.
8
Let v = 7894 + -7876. Let m be -3 - -1 - (-14 + 0). Calculate the highest common factor of v and m.
6
Let q = 19 + -16. Let u(l) = 23*l**2 - l. Let t be u(-1). Calculate the greatest common factor of t and q.
3
Let j be ((-264)/(-10))/((-45)/(-300)). What is the highest common divisor of 64 and j?
16
Let t be ((-340)/8 + 7)/((-2)/72). What is the highest common factor of t and 18?
18
Suppose 0 = 62*x - 52*x - 1540. What is the highest common factor of 56 and x?
14
Let v be 18/4 + 9/(-18) + 18. Let m(k) = k**2 + k + 3. Let j be m(5). What is the greatest common divisor of j and v?
11
Let s(h) = h**3 - 83*h**2 + 176*h + 7. Let p be s(81). Calculate the greatest common factor of 14 and p.
7
Let f be (-6 + 5)*78 - -1. Let b = f - -90. Suppose 0 = 3*c + 2*g - 275, 5*c - 5*g - 451 = -g. Calculate the highest common factor of b and c.
13
Let z = 11691 + -11675. Let s be (48/10)/((-2)/(-20)). Calculate the greatest common divisor of s and z.
16
Suppose 2 = -2*n, -k + 4*k = -3*n + 3. Suppose -k*x = -0*x - 10. Suppose 0 = -6*c + 32 + 298. What is the highest common divisor of x and c?
5
Let y be (-12)/(-2) - (15 - 18). What is the greatest common factor of 603 and y?
9
Let d(s) = 15*s**2 + 3*s + 2. Let z(j) = -j**3 - 8*j**2 + j + 7. Let i be z(-8). Let n be d(i). What is the greatest common factor of n and 35?
7
Suppose 2*s - 5*s - 50 = -4*f, 0 = -4*f + 4*s + 48. Suppose 187 = f*b - 23. What is the greatest common factor of 15 and b?
15
Let j = 1033 - 795. Calculate the highest common divisor of 42 and j.
14
Suppose 2*s - 5*y = 3*s - 25, -3*s + 3*y + 75 = 0. Calculate the greatest common factor of 1075 and s.
25
Suppose 3*z + 0*s - 136 = 4*s, -181 = -4*z + 5*s. Calculate the highest common factor of 198 and z.
22
Let h(b) = -b**3 + 14*b**2 + 4. Let w be h(14). Suppose 131 - 15 = w*i. Let y = i - 5. What is the highest common divisor of 3 and y?
3
Let r be ((-207)/(-18))/(2 + 9/(-6)). Suppose r = s + 7. Calculate the highest common divisor of s and 112.
16
Let r be 46/5 - ((-124)/(-20) + -6). Let t = 15 - 4. Let p = t - 2. What is the greatest common factor of r and p?
9
Let y = -113 + 41. Let b = 344 - 242. Let x = y + b. Calculate the highest common factor of x and 45.
15
Suppose 2*v = -2*v + 288. Suppose 0*r + k = -4*r + 27, -3*k = -r + 23. What is the highest common factor of r and v?
8
Suppose -3*l - 18 = -2*q, -l + 1 = -1. Let r(h) = -48*h - 12. Let j be r(-8). Calculate the greatest common divisor of q and j.
12
Let q be (-4)/10 - (-5664)/(-40). Let r = 219 + q. Calculate the greatest common divisor of 7 and r.
7
Let o(v) = v**2 + 10*v + 5. Let t = -5 + -3. Let f be o(t). Let m = 25 + f. Calculate the highest common divisor of m and 56.
14
Let f be ((-2)/6)/(35525/8883 - 4). Calculate the highest common divisor of f and 9.
9
Let y be 28/6*24/(-280)*-10. Calculate the highest common divisor of 64 and y.
4
Let x = 197 + -175. What is the greatest common divisor of 319 and x?
11
Let r(p) = 7 - 32 - 12*p**2 - p**3 + 0*p**2 + 6*p. Let f be r(-13). Calculate the greatest common divisor of 44 and f.
22
Let z(g) = g**3 + 6*g**2 - 42*g - 205. Let d be z(-8). Let o be 220/15 - (-1)/3. Calculate the greatest common divisor of o and d.
3
Let l be (2 - 1)*74 + 5. Let g = 41 + l. What is the highest common divisor of 48 and g?
24
Let j = -393 + 157. Let a = j + 348. Calculate the highest common factor of 7 and a.
7
Let h be (-2)/8 - (-1431)/108. What is the greatest common divisor of h and 5005?
13
Suppose -3*h = -2*z + 37, -3*h - 22 = -z - 2. Let d be (z - -1)/(16/24). Suppose 0 = -4*y + d + 9. Calculate the greatest common factor of y and 18.
9
Suppose 2*u = 6*u - 16. Let g(y) = -y**3 - 4*y**2 - 2*y. Let x be g(-4). Suppose -10*m = -x*m - 32. What is the greatest common divisor of m and u?
4
Let a be (-8 - 0)/((-2)/(-4)). Let p be (1 + (-1 - 2))*a. Suppose -p = -r - 22. What is the highest common divisor of 25 and r?
5
Suppose 2*g = 1 + 5. Suppose -48 = -4*y + g*d - 2*d, -60 = -5*y + d. Suppose 0 = 5*b - 76 - 44. Calculate the highest common factor of b and y.
12
Let q be 417/12 + (-12)/16. Let u = q + -28. Suppose -u*t = -230 + 38. Calculate the greatest common divisor of t and 8.
8
Let h be 0/((-2)/5 + (-12)/(-5)). Suppose h - 18 = -3*l. What is the highest common factor of l and 3?
3
Let p = -694 + 722. Suppose 2*o + 5*c + 0 - 8 = 0, -2*o = -c - 8. What is the highest common factor of p and o?
4
Let q be (-173 - -3)/(4/(-2)). Let g(t) = t**3 - 2*t**2 + 4*t - 4. Let y be g(2). Suppose y*j = 59 + q. What is the greatest common factor of j and 4?
4
Let i(v) = v**3 - 9*v**2 - 11*v + 18. Suppose -3*c = -0*c - 30. Let j be i(c). Calculate the highest common factor of 88 and j.
8
Suppose -24 = 10*r - 12*r. Suppose 3*w = 2*c - 201, 0*w = 5*w + 15. What is the highest common divisor of c and r?
12
Let y be -1*2 + 0 + 8. Let g = y + 3. Suppose -16 = -4*q, -4 = -2*i - 3*q + 10. What is the greatest common divisor of g and i?
1
Let o(q) = q + 9. Let f be o(-15). Let k be (-3)/(-9) + (-64)/f. Let d = 13 + k. What is the highest common factor of d and 36?
12
Suppose -6*b + b + 25 = 0. Suppose 2*z + 4*y - 22 = 0, -b*y - 2 = z - 7. What is the greatest common factor of 165 and z?
15
Let j be (-69)/(-161) + 2374/14. What is the greatest common divisor of j and 10?
10
Let u(p) = -p**3 + 56*p**2 - 53*p + 124. Let i be u(55). What is the greatest common factor of 6 and i?
6
Let c(a) = 86*a + 37. Let r be c(3). What is the greatest common divisor of 5 and r?
5
Suppose 5*v - 16 = 4. Suppose -v*i = i. Let h(n) = n**3 - n**2 - n + 21. Let l be h(i). What is the greatest common divisor of 14 and l?
7
Suppose 0 = 2*c - 536 + 524. Calculate the greatest common factor of 834 and c.
6
Suppose -4*k - 4*l + 162 = 54, 3*l - 17 = -k. What is the highest common factor of 24 and k?
8
Let i = -836 - -838. Calculate the greatest common divisor of 64 and i.
2
Let d be (-68)/5*((-81)/18 - -2).